ors of y.
197
Let p(d) = 3*d**2 - 19*d - 3318. What are the prime factors of p(97)?
2, 19, 607
Let l(x) = x**3 + 8*x**2 - 9*x + 6. Let d be l(-9). Suppose 5*p = -d*p + 4939. List the prime factors of p.
449
Suppose -86*l - 1849 - 3187 + 29288 = 0. What are the prime factors of l?
2, 3, 47
Suppose 0 = k - 3*z - 7113, -38*z + 35 = -43*z. What are the prime factors of k?
2, 3, 197
Let h be 0/((16/(-56))/((-2)/14)). Suppose h = -2*i + 4*o + 920, 4*i - 1699 - 180 = -5*o. List the prime factors of i.
2, 233
Suppose 177 = 5*w - 168. Let f = 51 - w. List the prime factors of 3/f - (-2006)/12.
167
What are the prime factors of (9169 - (-3 - -6)) + 4 + (-4 - 6)?
2, 5, 229
Let l = -7 + 14. Suppose -l*q + 30 + 5 = 0. Let b = 171 + q. What are the prime factors of b?
2, 11
Suppose -3*h - 26 + 524 = 0. Suppose 2*n - l = -h, 0 = -2*n + l - 5*l - 156. Let y = n + 141. List the prime factors of y.
59
Let v = -93 + 91. Let g be (-517)/(2/v)*(1 - 4). What are the prime factors of g/(-11)*(1 - 0)?
3, 47
Suppose -4*x - 983 = 3*d, -6*d - 1302 = -2*d + x. Let o = -32 - d. What are the prime factors of o?
293
Suppose -11458 + 499981 = 129*m. List the prime factors of m.
7, 541
Suppose 0 = 4*o - 24, -4*g = 48*o - 52*o - 54412. List the prime factors of g.
31, 439
Suppose -o + 1752 = n, -4*o - 3649 + 10637 = -n. Suppose 4*d - h - 1849 = 0, -5*d + o = 4*h - 579. List the prime factors of d.
463
Let f be 84064/56 - 1/7. Suppose 0 = -12*b + 6001 - f. List the prime factors of b.
3, 5
Suppose -d = 276*w - 271*w - 65368, 2*d - 2*w - 130748 = 0. List the prime factors of d.
3, 7, 11, 283
What are the prime factors of ((-1140)/150)/(3/(-2460) - 0)?
2, 19, 41
Suppose 2*t - 2*l - 32 = 0, 5*t + 0*l - 95 = 2*l. Suppose 28*x = t*x + 1687. List the prime factors of x.
241
List the prime factors of (165 + -169)/(8/(-5622)).
3, 937
Let l(m) = -14*m**2 + 8*m - 20. Let g be l(6). Let s = -287 - g. List the prime factors of s.
3, 7
Suppose -28*s - 5*s + 112101 = -0*s. What are the prime factors of s?
43, 79
Let c be (-5)/2*4/(-2). Suppose c*l = -26 + 841. List the prime factors of l.
163
Suppose -3*b = 4*f - 276, 5*b + 252 - 8 = 4*f. Let p = f + -60. Suppose 0 = -p*j + 2*j + 464. What are the prime factors of j?
2, 29
Let y = 346 + -163. Suppose 4*o - 2*u = -u + 375, 0 = -2*o - u + y. Let x = -25 + o. List the prime factors of x.
2, 17
Suppose -53*z + 226216 = -185011. What are the prime factors of z?
7759
Suppose -2*b = 4*j - 12, 5*j - 3 - 2 = 0. Suppose b*m = -0*m - 4*g + 40, 35 = 2*m - 3*g. Suppose 5*a = m*a - 720. What are the prime factors of a?
2, 3, 5
Let m = 100162 - 50263. List the prime factors of m.
3, 16633
Let p(a) = -a**3 + 13*a**2 - 7*a + 3. Let s(g) = -g**2 + 14*g. Let b be s(14). Suppose 2*t - f - 24 = b, f = -3*t + t + 16. List the prime factors of p(t).
233
Let b(x) = -x**2 + 7*x - 20. Let a be b(5). Let k(h) = h**2 + 9*h - 7. Let t be k(a). Suppose 0 = -t*z + 36 + 30. List the prime factors of z.
2, 11
Let z be (-2 - (-3)/1)*901. Let s = z - 517. Suppose 99 = -5*v + s. What are the prime factors of v?
3, 19
Let j = 27 + -34. List the prime factors of 4 + j*(-78 + 3).
23
Let c(n) = -14*n - 128. Let b be c(-20). Suppose -4*q + 42 = 382. Let j = q + b. What are the prime factors of j?
67
Let v(y) = 3*y**2 - 11*y - 6. Let u be (-2)/((-2)/(-54)*6). Let x be (1 - -2)*(-15)/u. List the prime factors of v(x).
2, 7
Suppose -3*f + 4*y + 4394 = 3*y, f - 2*y = 1468. Suppose -2*x - s + 5*s + 600 = 0, 2*s = -5*x + f. List the prime factors of x.
2, 3, 7
Let q = -90 + 104. Let j = 37 + -1. Let v = j - q. What are the prime factors of v?
2, 11
Suppose -5*g = 2*l - 17936, -5*g = -l - 4*l + 44735. What are the prime factors of l?
7, 1279
Let v be (-2)/3 + (-234140)/276. Let f = v + 1137. What are the prime factors of f?
2, 3
Let q = 209 - 205. Let b(y) = 246*y - 53. What are the prime factors of b(q)?
7, 19
Let q be -12 - -7 - (-5)/((-5)/504). Let b = 1516 + q. What are the prime factors of b?
19, 53
Suppose -33*m + 1829616 = 108*m. What are the prime factors of m?
2, 811
Let i(n) = -1646*n - 3075. What are the prime factors of i(-7)?
8447
Let d(z) = 2*z**3 - 38*z**2 - 31*z + 22. Let s(b) = -2*b**3 + b**2 - 1. Let c(m) = -d(m) - 2*s(m). List the prime factors of c(-17).
31
Suppose c = -3*p + 147, 0*p - 2*p = 2*c - 98. Suppose -50*o + p*o + 344 = 0. What are the prime factors of o?
2, 43
Suppose -17*x + 120455 - 95816 + 227471 = 0. List the prime factors of x.
2, 5, 1483
Let h(c) = -c**3 + 52*c**2 - 132*c + 146. List the prime factors of h(45).
17, 29
Let a(p) = -21*p + 10. Let o be (-70)/105 + (-86)/6. What are the prime factors of a(o)?
5, 13
Let j(l) = -28*l - 46. Let h be j(5). Let x = h + 398. List the prime factors of x.
2, 53
Suppose 0 = -3*r + 4*p + 69637, 4 = 71*p - 72*p. What are the prime factors of r?
23, 1009
Suppose 77 = 22*c - 21*c + 5*k, 2*c + k - 199 = 0. Let v be (-282)/5 - (-2)/5. Let d = c + v. What are the prime factors of d?
2, 23
Let y be 12/(1/24*-1). Let u be (-248)/155 + (-688)/(-5). What are the prime factors of (8/(y/63))/((-1)/u)?
2, 7, 17
What are the prime factors of ((-2 - -3) + 828)/((-50)/(-4050))?
3, 829
Suppose 5*g + 833400 = 95*g. List the prime factors of g.
2, 5, 463
Suppose 0 = 3*g + 2*s - 14815, -2*s + 9233 = 5*g - 15452. What are the prime factors of g?
3, 5, 7, 47
Let u(s) = s + 22. Let f be u(-21). Let c be (-3*5/10)/(f/46). List the prime factors of (0 - 4) + (-7 - c).
2, 29
Let f(b) = 627*b - 387. Let n(p) = 125*p - 77. Let x(l) = 2*f(l) - 11*n(l). List the prime factors of x(-6).
17, 47
List the prime factors of 5*7/(-14) - 324770/(-20).
2, 3, 11, 41
What are the prime factors of 288496/12 - 23/(207/(-6)) - -2?
2, 6011
Let a be (-291)/3*4/(-2). Let d = a + -2. What are the prime factors of d?
2, 3
Suppose -b = -2*u - 3586 + 20664, 5*b = 10. What are the prime factors of u?
2, 5, 7, 61
Let r be 4*(2 - 1)*(-24)/(-4). Let k(l) = 2*l**2 - 40*l + 103. List the prime factors of k(r).
5, 59
Suppose t - 138 = 3*i - 5*i, -2*t - 345 = -5*i. Let o = i + -63. Suppose -o*w = -8*w + 28. List the prime factors of w.
2, 7
Let u(b) = 606*b**2 + 630*b - 38. What are the prime factors of u(-7)?
2, 13, 971
Let d = 49502 + -24443. What are the prime factors of d?
3, 8353
Let i = -3686 + 5725. Let z = 2982 - i. What are the prime factors of z?
23, 41
Let t be (-10)/(-4)*3*(-4)/(-10). Let v = t - 21. What are the prime factors of v*(30/9)/(-2)?
2, 3, 5
Let h(g) = g**2 + 73*g - 935. What are the prime factors of h(68)?
17, 509
Let s be (15/((-15)/2))/1. What are the prime factors of (-69)/138*2168/(4/s)?
2, 271
Suppose -5*v + 203 - 3207 = -4*x, 0 = -2*v - 8. Let l = -190 + x. Suppose 2*n + 14 = 5*b - l, 5*n - 373 = -3*b. List the prime factors of b.
2, 29
Let p = -118 + 122. Suppose 0 = -2*b + a + p*a + 642, -3*b - 2*a = -1001. List the prime factors of b.
331
Suppose -56 = 2*u - 144. Suppose 41*n = u*n - 777. What are the prime factors of n?
7, 37
Let g(u) be the second derivative of -u**5/30 + u**4/6 + 10*u**3/3 + 17*u. Let l(n) be the second derivative of g(n). List the prime factors of l(-2).
2, 3
Let h = 1028 + -1788. Let m = -220 - h. What are the prime factors of m?
2, 3, 5
Suppose -j = -28*j + 213435. What are the prime factors of j?
3, 5, 17, 31
Let l = -62 - -70. Suppose 9*y + l = -1. List the prime factors of 655/25*1 - y/(-5).
2, 13
List the prime factors of 3/((-45)/(-118937)) + 38/(-285).
3, 881
What are the prime factors of 0 + 7*(-295755)/(-105)?
19717
Let i(q) = -q**3 - q. Let j be i(-1). Suppose -285 = j*r - 3*r. What are the prime factors of r?
3, 5, 19
Let k be (-7)/2 - -1 - 814/(-148). Let a(z) = z - 2*z + 23 + 2*z. What are the prime factors of a(k)?
2, 13
Let t(l) = 866*l + 281. List the prime factors of t(7).
6343
Let w = 117 + 2361. Let p be (-4)/20 - w/(-15). What are the prime factors of (p/(-22))/(1/(-2))?
3, 5
List the prime factors of 19657 - -1*(7 - (0 + 7)).
11, 1787
Let t be 4/(4 + (-81)/21). Suppose 0 = t*c - 26*c - 450. What are the prime factors of c?
3, 5
Suppose 43 = 15*j - 32. Suppose -422 = -h + u + 150, -j*h + 2856 = -3*u. List the prime factors of h.
2, 3, 5, 19
Let w(c) = 51*c**3 + 10*c**2 - 86*c + 79. What are the prime factors of w(7)?
2, 3, 5, 97
Let k = 35 + -27. Let a be (k/7)/((-8)/(-28)). Suppose 10*w - a*w =